. Calculate the remainder when m(5) is divided by 7.
6
Let v = 8 - -22. Let o(g) = -g + 6. What is the remainder when v is divided by o(-10)?
14
Let g = 46 + 385. Calculate the remainder when g is divided by 36.
35
Suppose -c - 3*d - 13 = 0, 5 = -5*c + 6*d - d. Suppose -3*t + 22 = -4*n + 4, -3*n - 3*t - 24 = 0. Calculate the remainder when 35 is divided by n/4 - 78/c.
17
Suppose 33*x - 3*f - 488 = 29*x, -2*f = -3*x + 367. What is the remainder when x is divided by 42?
41
Suppose -23*z - 513 + 1410 = 0. Let b = 34 + -23. Calculate the remainder when z is divided by b.
6
Let b(x) = x**2 - 6*x - 5. Let k be b(6). Suppose -3*a + a - 66 = 3*o, -4*a - 72 = 3*o. Let m = k - o. Calculate the remainder when 59 is divided by m.
14
What is the remainder when 8/(-28) + (-26682)/(-42) is divided by 58?
55
Suppose 3*v = -5*o + 708, 3*o + 41 = 5*v + 493. Suppose -2*g + 177 = 5*r, 0 = -0*g + 3*g + 12. What is the remainder when o is divided by r?
33
Let t(g) = g**3 + 16*g**2 + 13*g - 13. Let i = -2 - 13. Suppose 3*u = 6, -4*o - 2*u - 19 = -215. What is the remainder when o is divided by t(i)?
14
Let z be 1*(-1)/(2/44). Let k = -49 - -33. Let l = k - z. What is the remainder when 16 is divided by l?
4
Suppose -5*k + 0*k - 3*v = 42, k + 3*v + 6 = 0. What is the remainder when (-3)/2*942/k is divided by 40?
37
Suppose 2*s + s - 33 = 0. Let t = -558 - -600. What is the remainder when t is divided by s?
9
Suppose 23*w + 12*w = 980. What is the remainder when 951 is divided by w?
27
Suppose 2*v + 4*w = -14, 3*v + 3*w + 20 = -7. Let x be v - -8 - (0 + -5). Suppose x*t - 50 = -3*t. Calculate the remainder when 39 is divided by t.
9
Let q = 1572 - 1560. Calculate the remainder when 1581 is divided by q.
9
What is the remainder when 90 is divided by (27 + -30)*47/(-3)?
43
Let y = 321 + -277. What is the remainder when y is divided by 8?
4
Suppose 0 = 45*y - 36*y - 504. What is the remainder when y is divided by 22?
12
Let i = -57 + 29. Calculate the remainder when 4/((-24)/66) - -56 is divided by 4/14 - 636/i.
22
Suppose -49*w + 4536 = 5*w. What is the remainder when w is divided by 24?
12
Let m(c) = -c**2 - 33*c - 159. Suppose -j = -3*t + 201, -t + 4*j - 7 + 74 = 0. What is the remainder when t is divided by m(-7)?
21
Suppose 0 = 2*p + 2*p. Suppose -3*l = -p*l + 15, -n = 2*l. Calculate the remainder when 18 is divided by n.
8
What is the remainder when 375 is divided by 76/(-2 - (-7 + 4))?
71
Let a = -242 - -280. Calculate the remainder when a is divided by 10.
8
Suppose 0 = -306*g + 292*g + 4298. What is the remainder when g is divided by 24?
19
Let x(p) = -p**2 + 5*p - 4. Let l be x(3). Suppose 6 = l*n - 0*n, 0 = -4*b + 5*n - 39. Let m = b + 9. What is the remainder when 6 is divided by m?
0
Let x(z) = z + 1. Let p(u) = -u - 2. Let n(a) = p(a) - 4*x(a). What is the remainder when n(-7) is divided by 8?
5
Let u = 177 + -79. Suppose 3*o + 3*w = 78, u = 5*o + 4*w - 36. Let s = 41 - 30. What is the remainder when o is divided by s?
8
Suppose -2*o = -5*b + 186, -4*b + 3*o + 156 = -o. Calculate the remainder when b is divided by 3/(30/122) + 76/95.
10
Let a(l) = 0 - 42*l**3 - l - 2 + 1. Calculate the remainder when 81 is divided by a(-1).
39
Let d = 1 + 4. Suppose 16 + 55 = d*i + f, -3*f = 2*i - 31. Suppose 26 = 4*h - i. What is the remainder when h is divided by 4?
2
Let o = -3 - -5. Let p = o + 2. Suppose p*n = -n + 125. What is the remainder when 48 is divided by n?
23
Suppose -18*x + 4*x + 476 = 0. What is the remainder when x is divided by 22?
12
Let x(v) = -9*v + 16. Let w be x(8). Let p = w + 68. Calculate the remainder when p is divided by 7.
5
Suppose 0 = -5*l + 30. What is the remainder when (-124)/(-9) + l/27 is divided by 5?
4
Let c(b) = -b + 20. Suppose 3*q = 1 + 11. Calculate the remainder when c(13) is divided by q.
3
Let x(b) = -b**3 + 10*b**2 + 12*b - 16. Let u be x(11). Let c = 12 + u. What is the remainder when 26 is divided by c?
5
Calculate the remainder when -1 + 116 - (-6)/(6 + -12) is divided by 9.
6
Suppose -2*w + w + 18 = 0. Suppose -91 - 37 = -g + 3*o, -2*g = 3*o - 292. Suppose 9*k - 11*k = -g. What is the remainder when k is divided by w?
16
Let i be 26/7 + 18/63. Suppose 0*b = -i*b + 2*a + 122, -a = -4*b + 127. What is the remainder when b is divided by 12?
9
Let u(k) = -k**2 + 6*k. Let c be u(6). Suppose c = -4*q + 46 + 30. Suppose 2*b = b + 35. What is the remainder when b is divided by q?
16
Let i(j) = -7*j + 5 + j**3 - 2*j**2 + 0*j**2 - 3*j**2. Let z be i(7). What is the remainder when z - 0*(-3)/6 is divided by 14?
12
Let g(l) = -l**2 + 6*l - 7. Let c be g(5). What is the remainder when 146 is divided by c/(-2 + (-44)/(-21))*-1?
20
Let l be -5 + (1 - -1) - 779. Calculate the remainder when 2/3 + l/(-51) is divided by 6.
4
Let b = -10 + -8. Calculate the remainder when 27 is divided by 4/(-18) - 112/b.
3
Suppose 459 = 30*c - 3231. Suppose -d + 17 = -3*u + 2*u, 0 = 2*u + 6. Calculate the remainder when c is divided by d.
11
Let b = 5212 + -5122. Suppose 0*p = 3*p - 39. Calculate the remainder when b is divided by p.
12
Let c = -4 - -9. Let j be ((-2)/10)/(c/(-25)). Suppose 188 + j = 3*x. What is the remainder when x is divided by 13?
11
Suppose -h - k = -62, 2*k = 2*h + 3*k - 119. Let y = -33 + h. What is the remainder when 63 is divided by y?
15
Suppose y - 96 = -4*r - 8, -103 = -5*r - 3*y. Suppose -3*f + 42 = -0*f + 3*i, -5*f - 4*i + 68 = 0. What is the remainder when r is divided by f?
11
Let u(d) = -d**3 + 9*d**2 + 11*d - 2. What is the remainder when 469 is divided by u(5)?
10
Let f = 611 - 551. What is the remainder when 204 is divided by f?
24
What is the remainder when 724 is divided by (2/30)/((-13)/(-507))*5?
9
Suppose 0 = -25*o + 48*o - 42297. What is the remainder when o is divided by 46?
45
Suppose -405*p = -397*p - 256. What is the remainder when 158 is divided by p?
30
Let y = -9 + 12. Suppose -b + y*b - 44 = 0. Let s = b + -12. Calculate the remainder when s is divided by 4.
2
Suppose 2*j = 13 - 5. Let q(d) be the third derivative of d**5/30 + d**4/12 - d**3/6 + d**2. Calculate the remainder when q(j) is divided by 14.
11
Let b = -479 - -529. Calculate the remainder when 140 is divided by b.
40
Let i be (0 - 1)/(1/(-75)). Suppose -2*u - 3*u - i = p, 4*p + 28 = -3*u. Let x = u + 33. Calculate the remainder when 65 is divided by x.
14
Calculate the remainder when 85 is divided by 19*23/(184/16).
9
Let b = -21 - -39. Suppose n - b = -2*h - 3*h, -5*h + 21 = 2*n. Suppose 7*v + h = 8*v. What is the remainder when 4 is divided by v?
1
Let h(r) = -r**3 - 13*r**2 + 13*r - 6. Let a be h(-14). What is the remainder when -3*a/(-6)*(-206)/(-8) is divided by 21?
19
Let y = -9 - -13. Suppose -3*o = y*w - 18, 3*w + 2*o = w + 10. Suppose -f + 0*d = w*d - 8, d + 45 = 4*f. Calculate the remainder when f is divided by 6.
5
Suppose -15 = -5*c + 10. Suppose 2*z + c*m = 20, -2*m = z + m - 12. Suppose 52 = f - z*f. Calculate the remainder when f is divided by 18.
16
Suppose 5*n + l - 445 = 0, 0 = -2*n - 5*l + 6*l + 178. What is the remainder when 1155 is divided by n?
87
Let k(n) = n**2 + n + 1. Let x(v) = v**3 + 15*v**2 + 11*v + 16. Let r(q) = -5*k(q) + x(q). What is the remainder when r(-9) is divided by 21?
17
Let l(t) = -9*t + 1. Let x be l(-2). Let p = 15 - x. What is the remainder when -2 - 3*8/p is divided by 3?
1
Let s = 207 + -154. Calculate the remainder when s is divided by 11.
9
Let p be 104/(-28) - -4 - 68/(-7). Suppose -3*m + 5 = -p. Calculate the remainder when 23 is divided by m.
3
Let t = 2248 - 2216. What is the remainder when 317 is divided by t?
29
Let v(j) = -125*j + 645. What is the remainder when 516 is divided by v(5)?
16
Suppose -5*w + 4*v = -3456 - 176, -w = -v - 726. Calculate the remainder when w is divided by 73.
71
Suppose 87 = 5*q - 4*t, -2*q - 2*t - t + 21 = 0. Suppose 14 = -0*k + 3*k - 2*u, 3*u + q = 3*k. What is the remainder when 5 is divided by k?
1
Suppose 7*v = -n + 13*v + 60, 3*n = 2*v + 180. Calculate the remainder when 414 is divided by n.
54
Let q = 13 + -9. Suppose 36 = 3*c - 2*c - q*k, 2*k - 12 = -c. Calculate the remainder when (-39)/9*9/(-1) is divided by c.
19
Let i = 302 - 287. What is the remainder when 55 is divided by i?
10
Suppose 4*a - 72 = -4*n, 36 = 2*n - 2*a - 2*a. Let x be (-16)/72 - 220